is x(l)?
-8
Let w(p) be the first derivative of p**4/4 - p**2/2 - p - 17. Give w(2).
5
Let p be (-4)/(-12) + 10/(-3). Let n be 4 - p/9*-3. Let q(y) = -y**3 + 2*y**2 + y - 2. What is q(n)?
-8
Let i(b) = 8*b - 1. Let d(p) = 15*p - 2. Let k(y) = -6*d(y) + 11*i(y). Determine k(1).
-1
Let x(d) be the first derivative of -d**3/3 + 5*d**2/2 - d + 2. Let o = -63 - -69. Calculate x(o).
-7
Let f(m) = m**2 + 4*m + 8. Let y(b) = 5*b**2 + 16*b + 33. Let l(h) = -9*f(h) + 2*y(h). Determine l(5).
-1
Let t = -7 - -23. Suppose -3*o = o + t. Let x(i) = -5*i**3 - 7*i**2 + 4*i + 2. Let b(s) = -s**3 - s**2 - 1. Let j(d) = o*b(d) + x(d). Calculate j(-4).
6
Suppose -z = -j + 2*z + 7, -3*z - 12 = 0. Let s(t) = -5*t**2 + t - 3. Let p(i) = 6*i**2 + 4. Let l(o) = j*s(o) - 4*p(o). Give l(4).
-5
Suppose -2*h = -4*h + 10. Suppose 0 = y + l - 1 + 8, -h*l - 15 = 0. Let p(u) be the first derivative of -3*u**2/2 - 6*u - 1. Determine p(y).
6
Let w(g) = g**2 + 6*g + 2. Let z = -8 + 11. Let o be ((-20)/(-6))/((-2)/z). Calculate w(o).
-3
Let s(c) = c**2 + 2*c - 1. Let f be (2*1)/(22/(-143)). Let x = f + 14. Calculate s(x).
2
Let d(w) = -3*w**3 - 2*w + 1. Suppose 0*u - 3*u = -3. Suppose 0*n + u = n. What is d(n)?
-4
Let o be 2 - -3*(-1)/3. Let z = o - -2. Let g(r) be the third derivative of -r**4/24 - r**3/6 + r**2. Give g(z).
-4
Let d(y) = -2*y - y**3 - 8*y**2 + 0*y - y**3 + y**3 - 12. Give d(-8).
4
Suppose 0*p - 3*p - 3 = h, 4*p - 7 = -5*h. Let s(j) be the third derivative of j**6/120 + j**5/30 + j**4/24 - j**3/3 + 3*j**2. Determine s(p).
-4
Let n be ((-6)/4)/(2/(-4)). Let r(z) = 0 - n + 12 - 2*z. Calculate r(6).
-3
Suppose 3*r = -a - 4*a + 7, -2*a - 14 = -3*r. Let n(q) = -17*q**3 - q**2 - 2*q - 1. Calculate n(a).
17
Let z(t) = -4*t - t**2 + 0*t**2 + t - 1. Let r(j) = j**2 - 5*j + 0*j + j + 5 - 6*j. Let m be r(9). What is z(m)?
-5
Let r(g) = -g**3 + 6*g**2 - g + 1. Suppose -22 = -4*l - 2*n - 8, 3*n + 15 = 0. Calculate r(l).
-5
Let r be 10 - (-6)/3*-1. Let q(s) = s**3 - 9*s**2 + 8*s + 1. Let u be q(r). Let d(n) = 9*n**3 - n**2 + 2*n - 1. Calculate d(u).
9
Let w = -6 + 12. Suppose 0 = -3*t + 3*u - w, 0 = -2*t + 4*u - u. Let c(a) = -a**2 - 7*a - 2. Calculate c(t).
4
Let h(x) = 5 - x - 2*x**2 + x**2 + 3*x + 3*x. What is h(5)?
5
Let f(d) = d**3 + 4*d**2 + d - 1. Suppose 0 = y + y - 4. Suppose 4*h = 4, 5*u + y*h + 5 = -3*h. Let q be f(u). Let o(j) = -j**3 + 5*j**2 + 7. Give o(q).
7
Let d(c) = -5*c**2 - 6*c - 4. Let j(y) = -17*y - 10 + 8 - 14*y**2 - 10. Let n(i) = 17*d(i) - 6*j(i). What is n(0)?
4
Suppose 2*k - 5*f + 1 = 0, -5 = -0*f + 5*f. Let z(q) = q + 6. What is z(k)?
3
Let k(u) be the second derivative of -u**3/6 + u**2/2 + u. Let l = -1 + 3. Let r = -1 + l. Determine k(r).
0
Let d(o) be the third derivative of -o**4/8 + o**3/2 + o**2. Let a = 95 - 93. What is d(a)?
-3
Let m(d) = 2*d + 1 + 2 + 2. Let y(n) = -2*n. Let r be y(-2). Suppose -17 = 4*x + p, 9*p - r*p = 15. Calculate m(x).
-5
Let i(x) be the second derivative of 5*x**4/12 + x**3/6 - 3*x**2 + 2*x. Let s(j) = -j**2 + j + 1. Let r(l) = -i(l) - 4*s(l). Let b = -2 - 3. Calculate r(b).
2
Let y(t) = 19 + 14 + t - 39 + 14. Let b(o) = 5*o**2 + 1. Let s be b(-1). Determine y(s).
14
Let p = -22 + 16. Let k(d) = d**3 - 2*d**2 - 7*d + 1. Let s(n) = -2*n**2 - 6*n + 1. Let v(o) = p*k(o) + 7*s(o). Determine v(-1).
5
Let v(l) be the first derivative of l**3/3 + 3*l**2 - 5*l - 6. What is v(-7)?
2
Let f(l) = 2*l + 9. Let i(d) = -2*d - 8. Let j be i(0). Let o be f(j). Let g(w) = -w - 14. Calculate g(o).
-7
Let i(s) = -2 - 3*s**2 - 4*s**2 + 4*s**2 - s - s**3. Let n be i(-3). Let v(r) = 2*r - 10. Let t(k) = 1. Let h(f) = -30*t(f) - 3*v(f). Give h(n).
-6
Let h be (-3)/9 + 2/(-3). Let j(z) = -5 + 8 - 17*z**3 + 3*z**3 - 2 - z**2. Give j(h).
14
Let v(g) = g**3 - 5*g**2 + 4*g. Let i be v(4). Let q(z) = i + 1 + 2 - 3*z. Calculate q(5).
-12
Suppose -3*h = -0*h. Let d(p) be the third derivative of 1/6*p**3 + 0*p**4 + 0 - p**2 + 1/120*p**6 + 1/30*p**5 + h*p. Determine d(-2).
1
Let x(a) = -a - 10. Suppose 6*k - k = 3*g - 31, 22 = -2*k - 2*g. Determine x(k).
-2
Let j be (-2)/(-14) - 4/28. Let o(x) be the third derivative of -1/2*x**3 + j + 0*x - 3*x**2 + 1/12*x**4. What is o(3)?
3
Let y be (3 - 2) + 25 + -23. Let v(t) be the second derivative of t**5/20 - t**4/6 - t**3/6 - t**2 - t. Calculate v(y).
4
Let w be -1*(-3)/(-3)*-1. Let i(q) = 1 - 2 - w - q + 0. Calculate i(3).
-5
Let c = 47 - 39. Let h(p) = p - 8. What is h(c)?
0
Let b(q) be the third derivative of q**5/60 - q**4/8 - q**3/3 + 18*q**2. Determine b(-2).
8
Suppose t + 17 = -3*v, -3*v = -4*t + 2*t + 2. Let i(j) be the third derivative of -j**4/12 - 7*j**3/6 - j**2. Give i(t).
3
Let d(m) = -14*m**2 + 23*m + 12. Let w(v) = -5*v**2 + 8*v + 4. Let y(k) = -6*d(k) + 17*w(k). Suppose 2*i + 8 = 2*u, 0*i - 5*u - 4 = 3*i. Calculate y(i).
-7
Let r be (30/18)/(1/3). Let k(x) = 3*x + 8*x - 4*x - r*x. Give k(-5).
-10
Let s = -5 - -1. Let n be s*-1*(2 + -3). Let t(w) = -3*w**2 - 6*w + 2. Let q(k) = -k**2 - k + 1. Let l(a) = -2*q(a) + t(a). Calculate l(n).
0
Let n(b) = 2*b**3 + 2*b**2 + 2*b + 3. Suppose 0 = q + 4*q - 10. Suppose 3*i + 10 = 2*r, -5*i = -q*r + r + 12. Give n(i).
-9
Let j(w) = -5*w - 3. Suppose 3*l = -3*t - 6, -4*l + 0*t + 5*t = 8. What is j(l)?
7
Let f = -6 - -1. Let y(b) = -11*b**3 - 19*b**2 - 2*b + 6. Let v(o) = 5*o**3 + 9*o**2 + o - 3. Let c(s) = -9*v(s) - 4*y(s). Determine c(f).
8
Let c = 3 + -1. Let q(d) = c*d + 6 + d**2 - 2*d**2 - 4*d**2 - d**3. Suppose -p - 1 = 4. Determine q(p).
-4
Let y(g) = g**2 + 4*g + 4. Let f be 37/(-2)*(-1 + -1). Suppose 0 = 2*n - 4*r + 11 - f, 0 = -5*r - 25. Suppose 2*s = -n*s - 15. What is y(s)?
1
Let f(h) = 2*h + 0*h + 0 + 4*h**2 - 1 + 0*h**2. Determine f(1).
5
Let d(g) be the third derivative of 0 - g**2 + 0*g - 1/6*g**4 + 1/120*g**6 + 0*g**3 + 1/15*g**5. Suppose 18*o + 135 = -9*o. What is d(o)?
-5
Let t(q) = q**2 - 6*q + 6. Let f = -28 + 33. Let v be t(f). Let j(w) = -6*w**2 + w + 0*w**2 + 1 - 2*w. Calculate j(v).
-6
Let v(p) = 4*p**2 - 7*p - 3. Let m(a) = 9*a**2 - 15*a - 7. Let x(z) = 3*m(z) - 7*v(z). Let q = 1 - -1. Let s be q/4 + (-18)/(-4). Calculate x(s).
-5
Let z(o) be the first derivative of 10*o**3/3 - o**2/2 + 1. Let q be z(2). Suppose -4*w = q - 14. Let m(c) = c + 2. Give m(w).
-4
Let n(d) be the second derivative of -7*d**5/20 + d**3/3 + d**2/2 - d. Let u be (-4)/((-4)/(-2)) - -20. Let g be 2*1*(-9)/u. Give n(g).
6
Let q = -12 - -14. Let l(y) be the second derivative of -1/2*y**2 + 0 + y**3 - q*y. What is l(1)?
5
Let s(c) = 6*c - 6. Suppose -2*x + 7*x = -15. Let l(j) = -7*j + 7. Let i(r) = x*l(r) - 4*s(r). Determine i(5).
-12
Suppose 3*q + 12 = 2*f, f - q + 1 - 5 = 0. Suppose 0 = -7*o - f - 7. Let c(m) = -15*m**3 + m**2 + m. Give c(o).
15
Let q = -8 + 5. Let d = 2 + q. Let c(t) = 5*t**2 + 2*t + 1. Determine c(d).
4
Let y be 24/(-4)*(-1)/2. Let z(a) = -a**2 + 3*a + 2. Let s be z(y). Let l = 2 - s. Let j(c) = c + 5. What is j(l)?
5
Let n(s) = -s**3 + s**2 + s - 3. Suppose -9 = v + 5*w, -4*w - 19 = 3*v - 3. Let j be 4/v*-1*0. Give n(j).
-3
Let y(n) = -8*n**2 + 2*n - 1. Let l be ((-1)/3)/((-2)/(-3))*-2. What is y(l)?
-7
Let x be (-2)/(-10) - (-576)/(-180). Let r(g) = -6*g - 1. Let b(l) = -3*l. Let c(k) = 5*b(k) - 2*r(k). Determine c(x).
11
Let r(s) = s**2 - s - 1. Let f be r(-1). Let k be 88/16 + f/(-2). Let h(t) = t**2 - 7*t + 6. Calculate h(k).
-4
Let s(c) = 7*c + 9. Suppose 3*q - 72 = 15*q. Determine s(q).
-33
Let q(d) = -d - 9 + 15 - d**3 - 6. Let a be (0 + 3)/(-3)*1. What is q(a)?
2
Suppose -4*g + 0*g + 8 = 0. Suppose 5*f + 3 + g = 0. Let v(h) = -8*h**2. Determine v(f).
-8
Let v(a) = -2*a**3 - a**2 + 3*a + 2. Let z = 5 + -2. Let r be 10/(-6) + z/(-9). What is v(r)?
8
Let v(p) = -p**2 + 4*p - p**2 + 3*p**2. Let o = -4 - -2. Calculate v(o).
-4
Let x(w) be the first derivative of 3*w + 1/2*w**3 - 1 + w**2 - 1/12*w**4. Let u(d) be the first derivative of x(d). Determine u(5).
-8
Let b(n) = n**3 - n + 6. Let a be (0 + 3/(-6))*-4. Suppose 0*y = y + a. Let p = 2 + y. Give b(p).
6
Let b(w) be the first derivative of w**4/12 + w**3 + 2*w**2 + 3*w + 3. Let l(n) be the first derivative of b(n). Let d be 4/(8/3)*-2. Calculate l(d).
-5
Let y be ((-24)/4)/(-3) - 4. Let k(x) = -2*x - 2. Determine k(y).
2
Let i(q) = q - 5*q + 7 + 3*q + 3*q. Let l be (1 - (-1)/5)*